the greatest common factor of c and 24?
6
Suppose -28*a - 27*a + 53*a = -8742. What is the greatest common factor of a and 141?
141
Suppose 11*r + 20*r = 2480. Let l(g) = -33*g**3 + g**2 + 3*g + 1. Let u be l(-1). Calculate the highest common divisor of u and r.
16
Let u = 9 + -7. Let p be 1*(-5)/(-20)*(12 - 0). Suppose 0 = -u*s + 5 + 5, s = p*x - 331. Calculate the highest common divisor of 14 and x.
14
Suppose -2*o + 18*x - 15*x + 1148 = 0, -3*o + 5*x = -1724. What is the greatest common factor of o and 4828?
284
Let k = -12035 - -14701. Calculate the highest common divisor of 860 and k.
86
Let o(p) = 47*p + 1143. Let a be o(-21). What is the highest common divisor of a and 324?
12
Let j be 1465/4 - 2/8. Let p = 828 - j. What is the highest common divisor of 84 and p?
42
Let d(c) = -c**2 + 13*c + 4. Let f be d(9). Let o = -36 + f. Suppose 0 = b - o*b + 84. What is the greatest common factor of 308 and b?
28
Suppose c = 5*o - 546, 7*o = 2*o + 4*c + 564. Calculate the highest common factor of o and 3096.
36
Suppose -12*k + 14 - 3 = -97. Calculate the highest common divisor of 13464 and k.
9
Suppose 98*q - 1578 = 1377 + 279. What is the highest common factor of 275 and q?
11
Suppose -18*a + 23*a - 1536 = -4*l, -1 = l. Calculate the greatest common divisor of a and 11.
11
Suppose 76 = 2*d - 4*h, 0 = -101*d + 98*d + 2*h + 90. Let t(b) = 22*b**2 + 7*b + 4. Let r be t(-6). What is the greatest common factor of d and r?
26
Let r be (-3048)/(-16)*(15/(-9) - -3). Let c = r - 224. Calculate the highest common divisor of 80 and c.
10
Suppose 37*h - 41*h + 112 = 0. Suppose j - h = -l, 23*j - 21*j - 53 = -3*l. What is the highest common factor of j and 217?
31
Let t = -6356 - -8166. Calculate the greatest common factor of t and 40.
10
Suppose 8*r + 140 = 4*r. Let j = r - -45. Suppose -5*v + 40 = j. Calculate the highest common divisor of 2 and v.
2
Let a = -3372 + 3420. Calculate the highest common divisor of a and 2076.
12
Suppose w + 42 = -5*w. Let u be (-28)/(w - -6) - 4. What is the greatest common factor of u and 30?
6
Let m(n) = 401*n**2 - 5*n - 2. Let b be m(-2). Suppose -15*x + 19*x = b. Calculate the greatest common divisor of x and 65.
13
Let i be (-60996)/(-20) - -3 - (-80)/(-100). What is the greatest common divisor of 4 and i?
4
Suppose 5*y = -3*d - 245, 236 = -0*d - 3*d + 4*y. Let i be (-1)/(4/(d/4)). Let l be (-10)/15 - (-17)/3. What is the highest common factor of i and l?
5
Let x be 30 + 2400 + -11 + 2. Calculate the highest common divisor of 135 and x.
9
Let u(r) = 5*r**2 + 109*r + 861. Let t be u(-8). Calculate the greatest common divisor of 1751 and t.
103
Suppose 5*u - 25 = -3*b - 214, 2*b + 145 = 3*u. Let c = b + 83. Suppose -13*a + c*a = 342. What is the highest common divisor of a and 19?
19
Suppose 3*s - 14*s + 3575 = 0. Suppose -a - s = -4*a + 2*d, -a - 4*d = -85. Suppose -49 - 77 = -3*c. Calculate the greatest common divisor of a and c.
21
Let g(k) = k**3 + 75*k**2 + 457*k - 126. Let s be g(-68). What is the highest common factor of s and 424?
106
Suppose -756*i = -1459*i + 740*i - 21497. Calculate the highest common factor of i and 21.
7
Let t be 56/((5 + 3)/(-8))*-1. Calculate the greatest common factor of 77 and t.
7
Suppose 6*t + 5623 = 48*t - 2777. What is the greatest common divisor of 760 and t?
40
Let a = 0 - -3. Suppose 0 = -a*d + 15, -41 = -2*n - n - d. Suppose -4*j + 5*k - 4*k = -141, -4*j = 5*k - 159. Calculate the highest common factor of j and n.
12
Suppose -5*y - 3 = -4*y, -4*y - 24 = -2*n. Let c = 192 - 189. Calculate the highest common factor of c and n.
3
Let t(z) = 2*z - 13. Let c be t(8). Suppose -20 = -4*x - 12. Suppose 0 = -x*o + p + 62, 3*o = -p + 107 - 4. Calculate the greatest common divisor of c and o.
3
Let s be 33*1 - (-5 + (-32)/(-4)). Let b = s - 26. Let i be (b/6)/(14/567). What is the greatest common factor of 135 and i?
27
Let r be (2 + -2 - 622)*(-2)/4. Let f = -185 + r. Suppose 44*a = 41*a + f. What is the highest common factor of a and 63?
21
Let t be (0 + 8)*(-9 + 14). Suppose -t + 222 = 14*x. What is the greatest common factor of x and 65?
13
Let l(u) be the first derivative of 3*u**3 + 5*u**2/2 - 3*u - 9. Let k be l(3). Let n be ((-44)/(-66))/(2/k). Calculate the highest common factor of n and 31.
31
Let d be (-2 - 0)*(-9063)/114. What is the highest common divisor of d and 53?
53
Suppose -2706 = -22*c + 2354. Calculate the highest common divisor of c and 30.
10
Let s(t) = 37*t**2 - 1. Let a be s(1). Let m = -19174 - -19190. What is the greatest common divisor of a and m?
4
Suppose 19*c - 37*c = -756. Calculate the highest common factor of c and 18858.
42
Suppose 191*p = 190*p + 67. Let b = 41 + p. Calculate the greatest common factor of b and 4.
4
Suppose 0 = i + 5*b - 131 - 197, b - 336 = -i. Let j be (-12)/18*-39 - (-2 - -2). Calculate the highest common factor of i and j.
26
Let h(u) = -u**2 + 7*u - 1. Let w be h(6). Let z(y) = 2*y**2 + 25*y + 107. Let d be z(-8). Let x = d - w. Calculate the highest common factor of 45 and x.
15
Let c = -1082 - -1078. Let p(t) = -t**2 + 5*t. Let y be p(6). Let f be y/c*(-896)/(-42). What is the highest common factor of f and 32?
32
Suppose 13 = h + 1. Suppose 30 = 28*y + 18*y - 41*y. What is the highest common factor of y and h?
6
Let w = 14576 - 14534. What is the greatest common divisor of w and 37212?
42
Suppose -1 = 3*u - 4, -4*u + 39 = 5*r. Let i = r + -6. Let j be (135/(-36))/(i/(-16)). What is the highest common divisor of j and 40?
20
Let t be 8 + 44/(-6) - 8/(-6). Let s be 1/t + (-236)/(-8). What is the highest common factor of s and 15?
15
Let v be 242/(-6) - 2/(-6). Let j be (-249)/15*3 + -5 + (-216)/(-45). Let w = v - j. What is the highest common divisor of 4 and w?
2
Suppose 0 = -58*q - 23*q + 150*q - 7107. Calculate the greatest common factor of 4223 and q.
103
Let g be (((-2268)/16)/(-9))/(6 - 23/4). Suppose -12*c - 324 = -16*c. Calculate the greatest common divisor of c and g.
9
Suppose -16*j + 9648 = 8*j. Suppose 3*p = -12, 2*p = -z + 148 + j. What is the greatest common factor of 62 and z?
62
Let u = -1710 - -1773. What is the greatest common divisor of u and 483?
21
Let x = -156 + 298. Suppose m + 90 = x. What is the greatest common factor of 624 and m?
52
Suppose 4*m - 2332 = -4*r, 7*m - r - 579 = 6*m. What is the highest common factor of 35 and m?
7
Let o(a) be the third derivative of 9*a**4/8 + 29*a**3/6 + 9*a**2 - 2*a. Let s be o(3). What is the greatest common factor of s and 11?
11
Suppose 20 = -4*z + 8*z. Suppose 4*c - 45 = -3*y, -z*y - 4*c - 45 = -120. Suppose 0 = -y*g + 2*g + 4888. Calculate the highest common factor of g and 47.
47
Suppose 32*p = 27*p + 1495. Let i = 146 + -100. What is the highest common factor of p and i?
23
Suppose -611*c = -619*c + 40. Suppose v - 559 = -b, c*v - 2763 = -31*b + 34*b. What is the greatest common divisor of v and 15?
15
Let t = 33146 + -26062. What is the greatest common divisor of 176 and t?
44
Let u = -3832 - -4024. Calculate the greatest common factor of u and 456.
24
Let u(x) be the second derivative of x**4/12 - 7*x**3/3 + 97*x**2/2 - 3*x - 40. Let y be u(27). What is the highest common divisor of 64 and y?
64
Let n be (-10)/(-2) - 2/(-2). Let v be -2 - ((-17256)/56 + 1/7). Let p = 330 - v. Calculate the highest common factor of n and p.
6
Let j(r) = r**2 + r + 1. Let i(v) = 8*v**2 + 18*v - 10. Let l(b) = i(b) - 4*j(b). Let n be l(-8). Calculate the highest common factor of 52 and n.
26
Suppose -18*d + 7949 = 353. What is the greatest common divisor of d and 6963?
211
Let t(j) = 71*j + 26. Let d be t(4). What is the greatest common factor of d and 434?
62
Let o(n) = 2*n**3 - 100*n**2 - 125*n + 1208. Let f be o(51). Let r be 38/2 + (2 - 0). Calculate the highest common divisor of r and f.
7
Let v(q) = 9*q**2 + 205*q + 1362. Let c be v(-7). Calculate the greatest common divisor of c and 3.
1
Suppose 52*y - 184300 = -138*y - 0*y. Calculate the greatest common factor of y and 10.
10
Let u(h) = -4*h**3 - 10*h**2 - 23*h - 109. Let b be u(-5). What is the highest common factor of 176 and b?
16
Let k be ((-252)/(-16) - 7)/(19/20596). Calculate the highest common factor of k and 35.
35
Let k(m) = -9*m**2 - 82*m - 5. Suppose 0*b + 8 = -2*b - 5*w, w - 20 = 2*b. Let i be k(b). Calculate th